{"id":1012,"date":"2022-02-26T19:23:59","date_gmt":"2022-02-26T18:23:59","guid":{"rendered":"http:\/\/www.ld-velikelasce.si\/?page_id=1012"},"modified":"2022-02-27T19:31:50","modified_gmt":"2022-02-27T18:31:50","slug":"lovska-kinologija","status":"publish","type":"page","link":"http:\/\/www.ld-velikelasce.si\/?page_id=1012","title":{"rendered":"Lovska kinologija"},"content":{"rendered":"<p>&nbsp;<\/p>\n<p><a href=\"http:\/\/www.ld-velikelasce.si\/wp-content\/uploads\/2022\/02\/2013-Istrijanec-DSCN28421.jpg\"><img loading=\"lazy\" decoding=\"async\" class=\"aligncenter size-large wp-image-1037\" src=\"http:\/\/www.ld-velikelasce.si\/wp-content\/uploads\/2022\/02\/2013-Istrijanec-DSCN28421-1024x606.jpg\" alt=\"2013 Istrijanec DSCN2842\" width=\"660\" height=\"391\" srcset=\"http:\/\/www.ld-velikelasce.si\/wp-content\/uploads\/2022\/02\/2013-Istrijanec-DSCN28421-1024x606.jpg 1024w, http:\/\/www.ld-velikelasce.si\/wp-content\/uploads\/2022\/02\/2013-Istrijanec-DSCN28421-300x178.jpg 300w, http:\/\/www.ld-velikelasce.si\/wp-content\/uploads\/2022\/02\/2013-Istrijanec-DSCN28421-619x366.jpg 619w, http:\/\/www.ld-velikelasce.si\/wp-content\/uploads\/2022\/02\/2013-Istrijanec-DSCN28421.jpg 2036w\" sizes=\"(max-width: 660px) 100vw, 660px\" \/><\/a><a href=\"http:\/\/www.ld-velikelasce.si\/wp-content\/uploads\/2022\/02\/2013-Istrijanec-DSCN28421.jpg\"><br \/>\n<\/a><\/p>\n<p><strong>Tabela: \u0160tevilo lovskih psov in \u0161tevilo iskanj ranjene divjadi<\/strong><\/p>\n<table>\n<tbody>\n<tr>\n<td width=\"135\"><strong>Leto<\/strong><\/td>\n<td width=\"64\"><strong>\u0160tevilo psov<\/strong><\/td>\n<td width=\"103\"><strong>\u0160tevilo iskanj ranjene divjadi<\/strong><\/td>\n<\/tr>\n<tr>\n<td width=\"135\">Leto 2006<\/td>\n<td width=\"64\">\u00a026<\/td>\n<td width=\"103\">\u00a010<\/td>\n<\/tr>\n<tr>\n<td width=\"135\">Leto 2007<\/td>\n<td width=\"64\">\u00a023<\/td>\n<td width=\"103\">\u00a07<\/td>\n<\/tr>\n<tr>\n<td width=\"135\">Leto 2008<\/td>\n<td width=\"64\">\u00a023<\/td>\n<td width=\"103\">\u00a05<\/td>\n<\/tr>\n<tr>\n<td width=\"135\">Leto 2009<\/td>\n<td width=\"64\">\u00a021<\/td>\n<td width=\"103\">\u00a010<\/td>\n<\/tr>\n<tr>\n<td width=\"135\">Leto 2010<\/td>\n<td width=\"64\">\u00a020*<\/td>\n<td width=\"103\">\u00a07<\/td>\n<\/tr>\n<tr>\n<td width=\"135\">Leto 2011<\/td>\n<td width=\"64\">\u00a019*<\/td>\n<td width=\"103\">\u00a09<\/td>\n<\/tr>\n<tr>\n<td width=\"135\">Leto 2012<\/td>\n<td width=\"64\">\u00a018*<\/td>\n<td width=\"103\">\u00a012<\/td>\n<\/tr>\n<tr>\n<td width=\"135\">Leto 2013<\/td>\n<td width=\"64\">\u00a018<\/td>\n<td width=\"103\">\u00a06<\/td>\n<\/tr>\n<tr>\n<td width=\"135\">Leto 2014<\/td>\n<td width=\"64\">\u00a020*<\/td>\n<td width=\"103\">\u00a08<\/td>\n<\/tr>\n<tr>\n<td width=\"135\">Leto 2015<\/td>\n<td width=\"64\">\u00a021*<\/td>\n<td width=\"103\">\u00a017<\/td>\n<\/tr>\n<tr>\n<td width=\"135\">Leto 2016<\/td>\n<td width=\"64\">\u00a022*<\/td>\n<td width=\"103\">\u00a012<\/td>\n<\/tr>\n<tr>\n<td width=\"135\">Leto 2017<\/td>\n<td width=\"64\">\u00a023*<\/td>\n<td width=\"103\">\u00a08<\/td>\n<\/tr>\n<tr>\n<td width=\"135\">Leto 2018<\/td>\n<td width=\"64\">\u00a024<\/td>\n<td width=\"103\">\u00a023<\/td>\n<\/tr>\n<tr>\n<td width=\"135\">Leto 2019<\/td>\n<td width=\"64\">\u00a024<\/td>\n<td width=\"103\">\u00a018<\/td>\n<\/tr>\n<tr>\n<td width=\"135\">Leto 2020<\/td>\n<td width=\"64\">\u00a023<\/td>\n<td width=\"103\">\u00a026<\/td>\n<\/tr>\n<tr>\n<td width=\"135\">Leto 2021<\/td>\n<td width=\"64\">21<\/td>\n<td width=\"103\">16<\/td>\n<\/tr>\n<tr>\n<td colspan=\"3\" width=\"302\">\u00a0Opomba: z * so ozna\u010dene simulirane vrednosti<\/td>\n<\/tr>\n<\/tbody>\n<\/table>\n<p>Vir: Lisjak<\/p>\n<p>&nbsp;<\/p>\n<p><a href=\"http:\/\/www.ld-velikelasce.si\/wp-content\/uploads\/2022\/02\/Grafikon_\u0160tevilo-psov.png\"><img loading=\"lazy\" decoding=\"async\" class=\"aligncenter size-full wp-image-1014\" src=\"http:\/\/www.ld-velikelasce.si\/wp-content\/uploads\/2022\/02\/Grafikon_\u0160tevilo-psov.png\" alt=\"Grafikon_\u0160tevilo psov\" width=\"752\" height=\"452\" srcset=\"http:\/\/www.ld-velikelasce.si\/wp-content\/uploads\/2022\/02\/Grafikon_\u0160tevilo-psov.png 752w, http:\/\/www.ld-velikelasce.si\/wp-content\/uploads\/2022\/02\/Grafikon_\u0160tevilo-psov-300x180.png 300w, http:\/\/www.ld-velikelasce.si\/wp-content\/uploads\/2022\/02\/Grafikon_\u0160tevilo-psov-619x372.png 619w\" sizes=\"(max-width: 752px) 100vw, 752px\" \/><\/a><\/p>\n<p style=\"text-align: center;\">Vir: <em>Tabela: \u0160tevilo psov in \u0161te<\/em><em>vilo iskanj ranjene divjadi<\/em><\/p>\n<p style=\"text-align: left;\">\u00a0<a href=\"http:\/\/www.ld-velikelasce.si\/wp-content\/uploads\/2022\/02\/2013-na-lovu-s-psi-DSCN2837.jpg\"><img loading=\"lazy\" decoding=\"async\" class=\"aligncenter size-large wp-image-1039\" src=\"http:\/\/www.ld-velikelasce.si\/wp-content\/uploads\/2022\/02\/2013-na-lovu-s-psi-DSCN2837-1024x657.jpg\" alt=\"2013 na lovu s psi DSCN2837\" width=\"660\" height=\"423\" srcset=\"http:\/\/www.ld-velikelasce.si\/wp-content\/uploads\/2022\/02\/2013-na-lovu-s-psi-DSCN2837-1024x657.jpg 1024w, http:\/\/www.ld-velikelasce.si\/wp-content\/uploads\/2022\/02\/2013-na-lovu-s-psi-DSCN2837-300x192.jpg 300w, http:\/\/www.ld-velikelasce.si\/wp-content\/uploads\/2022\/02\/2013-na-lovu-s-psi-DSCN2837-619x397.jpg 619w, http:\/\/www.ld-velikelasce.si\/wp-content\/uploads\/2022\/02\/2013-na-lovu-s-psi-DSCN2837.jpg 2036w\" sizes=\"(max-width: 660px) 100vw, 660px\" \/><\/a><a href=\"http:\/\/www.ld-velikelasce.si\/wp-content\/uploads\/2022\/02\/2013-na-lovu-s-psi-DSCN2837.jpg\"><br \/>\n<\/a><\/p>\n<p style=\"text-align: left;\">\n","protected":false},"excerpt":{"rendered":"<p>&nbsp; Tabela: \u0160tevilo lovskih psov in \u0161tevilo iskanj ranjene divjadi Leto \u0160tevilo psov \u0160tevilo iskanj ranjene divjadi Leto 2006 \u00a026 \u00a010 Leto 2007 \u00a023 \u00a07 Leto 2008 \u00a023 \u00a05 Leto 2009 \u00a021 \u00a010 Leto 2010 \u00a020* \u00a07 Leto 2011 \u00a019* \u00a09 Leto 2012 \u00a018* \u00a012 Leto 2013 \u00a018 \u00a06 Leto 2014 \u00a020* \u00a08 Leto 2015 [&hellip;]<\/p>\n","protected":false},"author":1,"featured_media":0,"parent":0,"menu_order":0,"comment_status":"closed","ping_status":"closed","template":"","meta":{"footnotes":""},"_links":{"self":[{"href":"http:\/\/www.ld-velikelasce.si\/index.php?rest_route=\/wp\/v2\/pages\/1012"}],"collection":[{"href":"http:\/\/www.ld-velikelasce.si\/index.php?rest_route=\/wp\/v2\/pages"}],"about":[{"href":"http:\/\/www.ld-velikelasce.si\/index.php?rest_route=\/wp\/v2\/types\/page"}],"author":[{"embeddable":true,"href":"http:\/\/www.ld-velikelasce.si\/index.php?rest_route=\/wp\/v2\/users\/1"}],"replies":[{"embeddable":true,"href":"http:\/\/www.ld-velikelasce.si\/index.php?rest_route=%2Fwp%2Fv2%2Fcomments&post=1012"}],"version-history":[{"count":4,"href":"http:\/\/www.ld-velikelasce.si\/index.php?rest_route=\/wp\/v2\/pages\/1012\/revisions"}],"predecessor-version":[{"id":1040,"href":"http:\/\/www.ld-velikelasce.si\/index.php?rest_route=\/wp\/v2\/pages\/1012\/revisions\/1040"}],"wp:attachment":[{"href":"http:\/\/www.ld-velikelasce.si\/index.php?rest_route=%2Fwp%2Fv2%2Fmedia&parent=1012"}],"curies":[{"name":"wp","href":"https:\/\/api.w.org\/{rel}","templated":true}]}}