{"id":132,"date":"2014-09-02T19:46:47","date_gmt":"2014-09-02T17:46:47","guid":{"rendered":"http:\/\/www.ld-velikelasce.si\/?page_id=132"},"modified":"2015-07-03T20:54:15","modified_gmt":"2015-07-03T18:54:15","slug":"divjad-4","status":"publish","type":"page","link":"http:\/\/www.ld-velikelasce.si\/?page_id=132","title":{"rendered":"DIVJAD"},"content":{"rendered":"<p>V lovi\u0161\u010du Velike La\u0161\u010de so prisotne skoraj vse lovne vrste, z izjemo male poljske divjadi ter prosto\u017eive\u010dih vrst visokogorja.<\/p>\n<p>Od velike divjadi je \u0161tevil\u010dno najbolj pogosto zastopana srnjad, ki ji pestro prepletanje gozdnih in kmetijskih povr\u0161in izredno ustreza. Jelenjad je v osrednjem delu lovi\u0161\u010da bolj kot ne prehodnega zna\u010daja. Populacija je naj\u0161tevil\u010dnej\u0161a ob robovih lovi\u0161\u010da, na mestu ve\u010djih sklenjenih gozdov. Podobno kot jelenjad so prehodnega zna\u010daja tudi divji pra\u0161i\u010di. Ob meji z LD Mokrc je bil opa\u017een tudi gams.<\/p>\n<p>Od male divjadi sta najpogosteje zastopana lisica in poljski zajec. Kuna belica in zlatica sta stalni. Ob reki Ra\u0161ici je prisotna raca mlakarica. Polh je pogost, njegova \u0161tevil\u010dnost pa seveda niha v odvisnosti od letnega obroda.<\/p>\n<p>Posamezne lovne vrste, prisotne v lovi\u0161\u010du Velike La\u0161\u010de, so razvidne iz zgornjega seznama.<\/p>\n","protected":false},"excerpt":{"rendered":"<p>V lovi\u0161\u010du Velike La\u0161\u010de so prisotne skoraj vse lovne vrste, z izjemo male poljske divjadi ter prosto\u017eive\u010dih vrst visokogorja. Od velike divjadi je \u0161tevil\u010dno najbolj pogosto zastopana srnjad, ki ji pestro prepletanje gozdnih in kmetijskih povr\u0161in izredno ustreza. Jelenjad je v osrednjem delu lovi\u0161\u010da bolj kot ne prehodnega zna\u010daja. Populacija je naj\u0161tevil\u010dnej\u0161a ob robovih lovi\u0161\u010da, [&hellip;]<\/p>\n","protected":false},"author":1,"featured_media":0,"parent":0,"menu_order":3,"comment_status":"closed","ping_status":"closed","template":"","meta":{"footnotes":""},"_links":{"self":[{"href":"http:\/\/www.ld-velikelasce.si\/index.php?rest_route=\/wp\/v2\/pages\/132"}],"collection":[{"href":"http:\/\/www.ld-velikelasce.si\/index.php?rest_route=\/wp\/v2\/pages"}],"about":[{"href":"http:\/\/www.ld-velikelasce.si\/index.php?rest_route=\/wp\/v2\/types\/page"}],"author":[{"embeddable":true,"href":"http:\/\/www.ld-velikelasce.si\/index.php?rest_route=\/wp\/v2\/users\/1"}],"replies":[{"embeddable":true,"href":"http:\/\/www.ld-velikelasce.si\/index.php?rest_route=%2Fwp%2Fv2%2Fcomments&post=132"}],"version-history":[{"count":12,"href":"http:\/\/www.ld-velikelasce.si\/index.php?rest_route=\/wp\/v2\/pages\/132\/revisions"}],"predecessor-version":[{"id":625,"href":"http:\/\/www.ld-velikelasce.si\/index.php?rest_route=\/wp\/v2\/pages\/132\/revisions\/625"}],"wp:attachment":[{"href":"http:\/\/www.ld-velikelasce.si\/index.php?rest_route=%2Fwp%2Fv2%2Fmedia&parent=132"}],"curies":[{"name":"wp","href":"https:\/\/api.w.org\/{rel}","templated":true}]}}