{"id":136,"date":"2014-09-02T19:47:07","date_gmt":"2014-09-02T17:47:07","guid":{"rendered":"http:\/\/www.ld-velikelasce.si\/?page_id=136"},"modified":"2015-08-17T11:55:20","modified_gmt":"2015-08-17T09:55:20","slug":"kinologija-2","status":"publish","type":"page","link":"http:\/\/www.ld-velikelasce.si\/?page_id=136","title":{"rendered":"KINOLOGIJA"},"content":{"rendered":"<div id=\"attachment_914\" style=\"width: 310px\" class=\"wp-caption alignright\"><a href=\"http:\/\/www.ld-velikelasce.si\/wp-content\/uploads\/2014\/09\/10614111_329098497251053_2985511965655748891_n.jpg\"><img loading=\"lazy\" decoding=\"async\" aria-describedby=\"caption-attachment-914\" class=\"wp-image-914 size-medium\" src=\"http:\/\/www.ld-velikelasce.si\/wp-content\/uploads\/2014\/09\/10614111_329098497251053_2985511965655748891_n-300x225.jpg\" alt=\"10614111_329098497251053_2985511965655748891_n\" width=\"300\" height=\"225\" srcset=\"http:\/\/www.ld-velikelasce.si\/wp-content\/uploads\/2014\/09\/10614111_329098497251053_2985511965655748891_n-300x225.jpg 300w, http:\/\/www.ld-velikelasce.si\/wp-content\/uploads\/2014\/09\/10614111_329098497251053_2985511965655748891_n-619x464.jpg 619w, http:\/\/www.ld-velikelasce.si\/wp-content\/uploads\/2014\/09\/10614111_329098497251053_2985511965655748891_n.jpg 960w\" sizes=\"(max-width: 300px) 100vw, 300px\" \/><\/a><p id=\"caption-attachment-914\" class=\"wp-caption-text\">Bavarski barvar<\/p><\/div>\n<p>LD Velike La\u0161\u010de ima dolgo tradicijo lovske kinologije. Od ustanovitve dru\u017einske psarne &#8220;Psarna Velikola\u0161ka&#8221; so bili v dru\u017eini najbolj zastopani istrski goni\u010di. Ker se je stale\u017e nizke divjadi vztrajno zmanj\u0161eval, je zrastla potreba po bolj vsestransko uporabnem psu, brak-jazbe\u010darju. \u010clani, vodniki brak-jazbe\u010darjev so ve\u010dkrat uspe\u0161no nastopali na tekmah po krvni sledi.<\/p>\n<p>Tudi v dana\u0161njih \u010dasih je \u0161tevilo preizku\u0161enih lovskih psov v dru\u017eini ugodno. Ve\u010d \u010dlanov LD se aktivno ukvarja bodisi z vzrejo \u010distopasemskih lovskih psov bodisi s \u0161olanjem in udele\u017ebo na lovskih kinolo\u0161kih tekmah in preizkusih.<\/p>\n<p>Trenutno so \u010dlani LD vodniki 20 \u010distokrvnim in preizku\u0161enim lovskim psom, od tega:<\/p>\n<div id=\"attachment_580\" style=\"width: 234px\" class=\"wp-caption alignright\"><a href=\"http:\/\/www.ld-velikelasce.si\/wp-content\/uploads\/2014\/09\/P4140051.jpg\"><img loading=\"lazy\" decoding=\"async\" aria-describedby=\"caption-attachment-580\" class=\"wp-image-580 size-medium\" src=\"http:\/\/www.ld-velikelasce.si\/wp-content\/uploads\/2014\/09\/P4140051-224x300.jpg\" alt=\"Nem\u0161ki prepeli\u010dar\" width=\"224\" height=\"300\" srcset=\"http:\/\/www.ld-velikelasce.si\/wp-content\/uploads\/2014\/09\/P4140051-224x300.jpg 224w, http:\/\/www.ld-velikelasce.si\/wp-content\/uploads\/2014\/09\/P4140051-767x1024.jpg 767w, http:\/\/www.ld-velikelasce.si\/wp-content\/uploads\/2014\/09\/P4140051-619x825.jpg 619w, http:\/\/www.ld-velikelasce.si\/wp-content\/uploads\/2014\/09\/P4140051.jpg 964w\" sizes=\"(max-width: 224px) 100vw, 224px\" \/><\/a><p id=\"caption-attachment-580\" class=\"wp-caption-text\">Nem\u0161ki prepeli\u010dar<\/p><\/div>\n<ul>\n<li>10 goni\u010dem (kratkodlaki istrski goni\u010d, \u010drnogorski planinski goni\u010d ter bosanski ostrodlaki goni\u010d &#8211; barak),<\/li>\n<li>6 jamarjem (resasti jazbe\u010dar, kartkodlaki jazbe\u010dar in parson russell terier),<\/li>\n<li>1 \u0161arivcu &#8211; nem\u0161kemu prepeli\u010darju, 1 pti\u010darju &#8211; nem\u0161kemui \u017eimavcu ter<\/li>\n<li>2 krvosledcema &#8211; bavarskima barvarjema.<\/li>\n<\/ul>\n<p>&nbsp;<\/p>\n<p>Trije psi izmed zgoraj navedenih so preizku\u0161eni v delu po krvni sledi.<\/p>\n<p>Ve\u010d informacij in predstavitev dejavnosti lovske kinologije je podanih v video prispevku, ki so ga pripravili Komisija za lovsko kinologijo pri Lovski zvezi Slovenije, ZLD Ljubljana ter Forum lov in je dostopen na spodnji povezavi:<\/p>\n<p style=\"text-align: center;\"><strong><a title=\"Film o slovenski lovski kinologiji 2014\" href=\"https:\/\/www.youtube.com\/watch?v=9C7-hrF7AQs\" target=\"_blank\">Film o slovenski lovski kinologiji 2014<\/a><\/strong><\/p>\n","protected":false},"excerpt":{"rendered":"<p>LD Velike La\u0161\u010de ima dolgo tradicijo lovske kinologije. Od ustanovitve dru\u017einske psarne &#8220;Psarna Velikola\u0161ka&#8221; so bili v dru\u017eini najbolj zastopani istrski goni\u010di. Ker se je stale\u017e nizke divjadi vztrajno zmanj\u0161eval, je zrastla potreba po bolj vsestransko uporabnem psu, brak-jazbe\u010darju. \u010clani, vodniki brak-jazbe\u010darjev so ve\u010dkrat uspe\u0161no nastopali na tekmah po krvni sledi. Tudi v dana\u0161njih \u010dasih [&hellip;]<\/p>\n","protected":false},"author":1,"featured_media":0,"parent":0,"menu_order":5,"comment_status":"closed","ping_status":"closed","template":"","meta":{"footnotes":""},"_links":{"self":[{"href":"http:\/\/www.ld-velikelasce.si\/index.php?rest_route=\/wp\/v2\/pages\/136"}],"collection":[{"href":"http:\/\/www.ld-velikelasce.si\/index.php?rest_route=\/wp\/v2\/pages"}],"about":[{"href":"http:\/\/www.ld-velikelasce.si\/index.php?rest_route=\/wp\/v2\/types\/page"}],"author":[{"embeddable":true,"href":"http:\/\/www.ld-velikelasce.si\/index.php?rest_route=\/wp\/v2\/users\/1"}],"replies":[{"embeddable":true,"href":"http:\/\/www.ld-velikelasce.si\/index.php?rest_route=%2Fwp%2Fv2%2Fcomments&post=136"}],"version-history":[{"count":19,"href":"http:\/\/www.ld-velikelasce.si\/index.php?rest_route=\/wp\/v2\/pages\/136\/revisions"}],"predecessor-version":[{"id":918,"href":"http:\/\/www.ld-velikelasce.si\/index.php?rest_route=\/wp\/v2\/pages\/136\/revisions\/918"}],"wp:attachment":[{"href":"http:\/\/www.ld-velikelasce.si\/index.php?rest_route=%2Fwp%2Fv2%2Fmedia&parent=136"}],"curies":[{"name":"wp","href":"https:\/\/api.w.org\/{rel}","templated":true}]}}