{"id":276,"date":"2014-09-03T19:15:38","date_gmt":"2014-09-03T17:15:38","guid":{"rendered":"http:\/\/www.ld-velikelasce.si\/?page_id=276"},"modified":"2015-03-30T10:32:03","modified_gmt":"2015-03-30T08:32:03","slug":"vidra","status":"publish","type":"page","link":"http:\/\/www.ld-velikelasce.si\/?page_id=276","title":{"rendered":"Vidra"},"content":{"rendered":"<p><span id=\"ucHTML_lHTML\"><b>Opis<br \/>\n<\/b>Dolgo telo neopazno prehaja v sto\u017e\u010dast rep. Glava je ploska in \u0161iroka, nosnice velike, uhlji pa majhni. Noge so nizke, med prsti ima plavalno ko\u017eico. Podlanka je gosta in tudi v vodi ostane suha. Prek nje je dolga rjavkasta nadlanka, ki je na trebuhu nekoliko svetlej\u0161a. <\/span><\/p>\n<div id=\"attachment_565\" style=\"width: 310px\" class=\"wp-caption alignright\"><a href=\"http:\/\/www.ld-velikelasce.si\/wp-content\/uploads\/2014\/09\/3378089737_be46c83e32_o.jpg\"><img loading=\"lazy\" decoding=\"async\" aria-describedby=\"caption-attachment-565\" class=\"wp-image-565 size-medium\" src=\"http:\/\/www.ld-velikelasce.si\/wp-content\/uploads\/2014\/09\/3378089737_be46c83e32_o-300x210.jpg\" alt=\"\" width=\"300\" height=\"210\" srcset=\"http:\/\/www.ld-velikelasce.si\/wp-content\/uploads\/2014\/09\/3378089737_be46c83e32_o-300x210.jpg 300w, http:\/\/www.ld-velikelasce.si\/wp-content\/uploads\/2014\/09\/3378089737_be46c83e32_o-1024x717.jpg 1024w, http:\/\/www.ld-velikelasce.si\/wp-content\/uploads\/2014\/09\/3378089737_be46c83e32_o-619x433.jpg 619w, http:\/\/www.ld-velikelasce.si\/wp-content\/uploads\/2014\/09\/3378089737_be46c83e32_o.jpg 1605w\" sizes=\"(max-width: 300px) 100vw, 300px\" \/><\/a><p id=\"caption-attachment-565\" class=\"wp-caption-text\">Vidra (foto: M. Krofel)<\/p><\/div>\n<p><span id=\"ucHTML_lHTML\">Vidre tehtajo 5,5-16,8 oziroma 23 kg.<\/span><\/p>\n<p><b>\u017divljenje<\/b><br \/>\nVidra je prete\u017eno no\u010dna \u017eival. Podnevi se skriva v podzemskih brlogih ali pritalnih drevesnih duplih. Je samotarka, vendar pa mladi\u010di ostanejo pri materi vse leto. Na kopnem je po\u010dasna, giblje se z zna\u010dilnim kunjim poskakovanjem. Je izvrstna plavalka. V vodi dose\u017ee hitrost 10-12 km\/uro. Pod vodo plava s trebu\u0161no-hrbtnim zvijanjem. Navadno zajame zrak vsako minuto, vendar vzdr\u017ei pod vodo do 4 minute. V eni no\u010di prepotuje 3-4 do 9-10 km, na kar vpliva vrsta dejavnikov (spol, starost, razpolo\u017eljiva hrana).<\/p>\n<p>Hrani se z ribami, dvo\u017eivkami, poto\u010dnimi raki in vodnimi \u017eu\u017eelkami, ob\u010dasno pa pleni \u0161e pti\u010de in sesalce. Na teden potrebuje 5,5-9 kg hrane. Ribe pleni neselektivno, torej ujame tisto, \u010desar je najve\u010d na voljo. Vidra je verjetno preve\u010d redka, da bi lahko vplivala na \u0161tevil\u010dnost rib.<\/p>\n<p>Pari se v katerem koli letnem \u010dasu, najve\u010d mladi\u010dev pa se skoti ob koncu zime in v za\u010detku pomladi. Brejost traja 62 dni, v leglu pa so 2-3 mladi\u010di. Samice se prvi\u010d parijo, ko dopolnijo 2 leti. Mo\u017eno je, da kotijo le vsako drugo leto.<\/p>\n<p>\u017divljenjska doba vidre je do 18 let. 25-38 % osebkov v populaciji so \u017eivali v prvem letu \u017eivljenja. Naravnih sovra\u017enikov nima, je pa zelo ob\u010dutljiva za onesna\u017eevanje voda.<\/p>\n<p><b>\u017divljenjski prostor<\/b><br \/>\nReke, potoki in jezera. V nekaterih delih Evrope zaide tudi v morje.<\/p>\n<p><b>Raz\u0161irjenost v Sloveniji<\/b><br \/>\nPrvotno je bila splo\u0161no raz\u0161irjena; manjkala je le v gorskem svetu alpskega in dinarskega obmo\u010dja ter na brezvodnem Krasu. Kadar se je selila iz enega povodja v drugega, je pre\u010dkala tudi visoke gore. Za Slovenijo je znan najvi\u0161ji podatek o njenem potovanju prek 2000 m visokih bohinjskih planin iz Bohinjskega jezera v Ba\u0161ko grapo. Dandanes je vidrin areal v Sloveniji mozai\u010den. Velike reke (Sava, Drava, Mura) so tako onesna\u017eene, da vidra v njih ne more \u017eiveti. Obstala pa je v manj\u0161ih, ne preve\u010d onesna\u017eenih pritokih, zlasti v Prekmurju.<\/p>\n<p><b>Raz\u0161irjenost<\/b><br \/>\nCelotno palearkti\u010dno obmo\u010dje, razen sibirske tundre in Arabskega polotoka. Na jugu se\u017ee do ju\u017ene Indije in \u0160ri Lanke, na vzhodu pa do japonskega oto\u010dja. V Evropi je bila splo\u0161no raz\u0161irjena, zdaj pa je marsikje lokalno iztrebljena. Ponekod (Anglija, Nem\u010dija) uspe\u0161no naseljujejo vidre, vzgojene v ujetni\u0161tvu, v neko\u010d onesna\u017eene vode.<\/p>\n<p><strong>Status<\/strong><br \/>\nZavarovana.<\/p>\n<p>VIR: <a href=\"http:\/\/www.lovska-zveza.si\" target=\"_blank\">LZS<\/a><\/p>\n","protected":false},"excerpt":{"rendered":"<p>Opis Dolgo telo neopazno prehaja v sto\u017e\u010dast rep. Glava je ploska in \u0161iroka, nosnice velike, uhlji pa majhni. Noge so nizke, med prsti ima plavalno ko\u017eico. Podlanka je gosta in tudi v vodi ostane suha. Prek nje je dolga rjavkasta nadlanka, ki je na trebuhu nekoliko svetlej\u0161a. Vidre tehtajo 5,5-16,8 oziroma 23 kg. \u017divljenje Vidra [&hellip;]<\/p>\n","protected":false},"author":1,"featured_media":0,"parent":134,"menu_order":4,"comment_status":"closed","ping_status":"closed","template":"","meta":{"footnotes":""},"_links":{"self":[{"href":"http:\/\/www.ld-velikelasce.si\/index.php?rest_route=\/wp\/v2\/pages\/276"}],"collection":[{"href":"http:\/\/www.ld-velikelasce.si\/index.php?rest_route=\/wp\/v2\/pages"}],"about":[{"href":"http:\/\/www.ld-velikelasce.si\/index.php?rest_route=\/wp\/v2\/types\/page"}],"author":[{"embeddable":true,"href":"http:\/\/www.ld-velikelasce.si\/index.php?rest_route=\/wp\/v2\/users\/1"}],"replies":[{"embeddable":true,"href":"http:\/\/www.ld-velikelasce.si\/index.php?rest_route=%2Fwp%2Fv2%2Fcomments&post=276"}],"version-history":[{"count":7,"href":"http:\/\/www.ld-velikelasce.si\/index.php?rest_route=\/wp\/v2\/pages\/276\/revisions"}],"predecessor-version":[{"id":775,"href":"http:\/\/www.ld-velikelasce.si\/index.php?rest_route=\/wp\/v2\/pages\/276\/revisions\/775"}],"up":[{"embeddable":true,"href":"http:\/\/www.ld-velikelasce.si\/index.php?rest_route=\/wp\/v2\/pages\/134"}],"wp:attachment":[{"href":"http:\/\/www.ld-velikelasce.si\/index.php?rest_route=%2Fwp%2Fv2%2Fmedia&parent=276"}],"curies":[{"name":"wp","href":"https:\/\/api.w.org\/{rel}","templated":true}]}}