{"id":977,"date":"2022-02-26T19:20:01","date_gmt":"2022-02-26T18:20:01","guid":{"rendered":"http:\/\/www.ld-velikelasce.si\/?page_id=977"},"modified":"2022-03-03T15:00:13","modified_gmt":"2022-03-03T14:00:13","slug":"razmere-v-loviscu","status":"publish","type":"page","link":"http:\/\/www.ld-velikelasce.si\/?page_id=977","title":{"rendered":"Razmere v lovi\u0161\u010du"},"content":{"rendered":"<h3>Kazalnik son\u010dnega obsevanja v lovi\u0161\u010du<\/h3>\n<p>Na razmere v lovi\u0161\u010du vpliva vrsta dejavnikov. Pomembno vpliva na razmere v lovi\u0161\u010du vreme. Vreme je prikazano tudi s \u00bbKazalnikom son\u010dnega obsevanja\u00ab in \u00bbKazalnikom vi\u0161ine padavin\u00ab, ki ga spremlja ARSO. Referen\u010dno obdobje za oba kazalnika je obdobje 1981 -2010.<\/p>\n<p>Podatki so dostopni na <a href=\"https:\/\/meteo.arso.gov.si\/met\/sl\/climate\/current\/archive\/annual_and_seasonal-charts\/\">https:\/\/meteo.arso.gov.si\/met\/sl\/climate\/current\/archive\/annual_and_seasonal-charts\/<\/a>.<\/p>\n<p>Za LD Velike La\u0161\u010de so podatki prikazani v spodnji tabeli in grafikonu. Vrednosti so pribli\u017ene, pridobljene na osnovi kart za oba kazalnika.<\/p>\n<p><strong>Tabela: Prikaz dinamike spreminjanja &#8220;Kazalnika son\u010dnega obsevanja&#8221; in &#8220;Kazalnika vi\u0161ine padavin&#8221; &#8211; referen\u010dno obdobje 1981-2010 <\/strong><\/p>\n<table width=\"226\">\n<tbody>\n<tr>\n<td width=\"75\">Leto<\/td>\n<td width=\"76\">Kazalnik son\u010dnega obsevanja (%)<\/td>\n<td width=\"76\">Kazalnik vi\u0161ine padavin (v%)<\/td>\n<\/tr>\n<tr>\n<td width=\"75\">Leto 2014<\/td>\n<td width=\"76\">80<\/td>\n<td width=\"76\">140<\/td>\n<\/tr>\n<tr>\n<td width=\"75\">Leto 2015<\/td>\n<td width=\"76\">100<\/td>\n<td width=\"76\">95<\/td>\n<\/tr>\n<tr>\n<td width=\"75\">Leto 2016<\/td>\n<td width=\"76\">100<\/td>\n<td width=\"76\">110<\/td>\n<\/tr>\n<tr>\n<td width=\"75\">Leto 2017<\/td>\n<td width=\"76\">115<\/td>\n<td width=\"76\">110<\/td>\n<\/tr>\n<tr>\n<td width=\"75\">Leto 2018<\/td>\n<td width=\"76\">94<\/td>\n<td width=\"76\">100<\/td>\n<\/tr>\n<tr>\n<td width=\"75\">Leto 2019<\/td>\n<td width=\"76\">106<\/td>\n<td width=\"76\">110<\/td>\n<\/tr>\n<tr>\n<td width=\"75\">Leto 2020<\/td>\n<td width=\"76\">115<\/td>\n<td width=\"76\">95<\/td>\n<\/tr>\n<tr>\n<td width=\"75\">Leto 2021<\/td>\n<td width=\"76\">115<\/td>\n<td width=\"76\">90<\/td>\n<\/tr>\n<\/tbody>\n<\/table>\n<p><strong>Referen\u010dno obdobje 1981 &#8211; 2010<\/strong><\/p>\n<p><a href=\"http:\/\/www.ld-velikelasce.si\/wp-content\/uploads\/2022\/02\/Graf-spreminjanje-kazalnika-son.obs_.png\"><img loading=\"lazy\" decoding=\"async\" class=\"alignleft size-medium wp-image-1069\" src=\"http:\/\/www.ld-velikelasce.si\/wp-content\/uploads\/2022\/02\/Graf-spreminjanje-kazalnika-son.obs_-300x213.png\" alt=\"Graf-spreminjanje kazalnika son.obs\" width=\"300\" height=\"213\" srcset=\"http:\/\/www.ld-velikelasce.si\/wp-content\/uploads\/2022\/02\/Graf-spreminjanje-kazalnika-son.obs_-300x213.png 300w, http:\/\/www.ld-velikelasce.si\/wp-content\/uploads\/2022\/02\/Graf-spreminjanje-kazalnika-son.obs_-619x439.png 619w, http:\/\/www.ld-velikelasce.si\/wp-content\/uploads\/2022\/02\/Graf-spreminjanje-kazalnika-son.obs_.png 752w\" sizes=\"(max-width: 300px) 100vw, 300px\" \/><\/a><\/p>\n<p>&nbsp;<\/p>\n<p>&nbsp;<\/p>\n<p>&nbsp;<\/p>\n<p>&nbsp;<\/p>\n<p>&nbsp;<\/p>\n<p>&nbsp;<\/p>\n<p><a href=\"http:\/\/www.ld-velikelasce.si\/wp-content\/uploads\/2022\/02\/Kazalnik-son\u010dnega-obsevanja-v-lovi\u0161\u010du_2014-2021.pdf\">Kazalnik son\u010dnega obsevanja v lovi\u0161\u010du_2014-2021<\/a> &#8211; grafi\u010dni prikaz<\/p>\n","protected":false},"excerpt":{"rendered":"<p>Kazalnik son\u010dnega obsevanja v lovi\u0161\u010du Na razmere v lovi\u0161\u010du vpliva vrsta dejavnikov. Pomembno vpliva na razmere v lovi\u0161\u010du vreme. Vreme je prikazano tudi s \u00bbKazalnikom son\u010dnega obsevanja\u00ab in \u00bbKazalnikom vi\u0161ine padavin\u00ab, ki ga spremlja ARSO. Referen\u010dno obdobje za oba kazalnika je obdobje 1981 -2010. Podatki so dostopni na https:\/\/meteo.arso.gov.si\/met\/sl\/climate\/current\/archive\/annual_and_seasonal-charts\/. Za LD Velike La\u0161\u010de so podatki [&hellip;]<\/p>\n","protected":false},"author":1,"featured_media":0,"parent":0,"menu_order":0,"comment_status":"closed","ping_status":"closed","template":"","meta":{"footnotes":""},"_links":{"self":[{"href":"http:\/\/www.ld-velikelasce.si\/index.php?rest_route=\/wp\/v2\/pages\/977"}],"collection":[{"href":"http:\/\/www.ld-velikelasce.si\/index.php?rest_route=\/wp\/v2\/pages"}],"about":[{"href":"http:\/\/www.ld-velikelasce.si\/index.php?rest_route=\/wp\/v2\/types\/page"}],"author":[{"embeddable":true,"href":"http:\/\/www.ld-velikelasce.si\/index.php?rest_route=\/wp\/v2\/users\/1"}],"replies":[{"embeddable":true,"href":"http:\/\/www.ld-velikelasce.si\/index.php?rest_route=%2Fwp%2Fv2%2Fcomments&post=977"}],"version-history":[{"count":7,"href":"http:\/\/www.ld-velikelasce.si\/index.php?rest_route=\/wp\/v2\/pages\/977\/revisions"}],"predecessor-version":[{"id":1071,"href":"http:\/\/www.ld-velikelasce.si\/index.php?rest_route=\/wp\/v2\/pages\/977\/revisions\/1071"}],"wp:attachment":[{"href":"http:\/\/www.ld-velikelasce.si\/index.php?rest_route=%2Fwp%2Fv2%2Fmedia&parent=977"}],"curies":[{"name":"wp","href":"https:\/\/api.w.org\/{rel}","templated":true}]}}