{"id":996,"date":"2022-02-26T19:22:22","date_gmt":"2022-02-26T18:22:22","guid":{"rendered":"http:\/\/www.ld-velikelasce.si\/?page_id=996"},"modified":"2023-05-17T13:08:09","modified_gmt":"2023-05-17T11:08:09","slug":"organizacija-in-funkcije","status":"publish","type":"page","link":"http:\/\/www.ld-velikelasce.si\/?page_id=996","title":{"rendered":"Organizacija in funkcije"},"content":{"rendered":"<table>\n<tbody>\n<tr>\n<td width=\"208\"><strong>\u010clan<\/strong><\/td>\n<td width=\"132\"><strong>Funkcija<\/strong><\/td>\n<td width=\"142\"><strong>Obdobje<\/strong><\/td>\n<\/tr>\n<tr>\n<td width=\"208\">Sa\u0161o Trnovec<\/td>\n<td width=\"132\">Stare\u0161ina<\/td>\n<td width=\"142\">2023-2026<\/td>\n<\/tr>\n<tr>\n<td width=\"208\"><strong>Upravni odbor<\/strong><\/td>\n<td width=\"132\"><\/td>\n<td width=\"142\"><\/td>\n<\/tr>\n<tr>\n<td width=\"208\">Gregor Marolt<\/td>\n<td width=\"132\">Gospodar<\/td>\n<td width=\"142\">2023-2026<\/td>\n<\/tr>\n<tr>\n<td width=\"208\">Toma\u017e Marolt<em>\u00a0 <\/em><\/td>\n<td width=\"132\">Predsednik KITI\u00a0 (<em>Komisija za kadre, izobra\u017eevanje, turizem in informacije)<\/em><\/td>\n<td width=\"142\">2023-2026<\/td>\n<\/tr>\n<tr>\n<td width=\"208\">Matic Kete<\/td>\n<td width=\"132\">TAJNIK<\/td>\n<td width=\"142\">2023-2026<\/td>\n<\/tr>\n<tr>\n<td width=\"208\">Janez Kra\u0161ovec<\/td>\n<td width=\"132\">BLAGAJNIK<\/td>\n<td width=\"142\">2023-2026<\/td>\n<\/tr>\n<tr>\n<td width=\"208\">Sre\u010dko Devjak Ml.<\/td>\n<td width=\"132\">Predsednik Kinolo\u0161ke komisije<\/td>\n<td width=\"142\">2023-2026<\/td>\n<\/tr>\n<tr>\n<td width=\"208\">Marko Tepej<\/td>\n<td width=\"132\">P<em>redsednik Strelske komisije<\/em><\/td>\n<td width=\"142\">2023-2026<\/td>\n<\/tr>\n<tr>\n<td width=\"208\">Roman Jakli\u010d<\/td>\n<td width=\"132\">O<em>skrbnik lovskega doma<\/em><\/td>\n<td width=\"142\">2023-2026<\/td>\n<\/tr>\n<tr>\n<td width=\"208\"><strong>Nadzorni odbor<\/strong><\/td>\n<td width=\"132\"><\/td>\n<td width=\"142\"><\/td>\n<\/tr>\n<tr>\n<td width=\"208\">Sre\u010dko Devjak<\/td>\n<td width=\"132\">\u00a0<em>Predsednik \u00a0<\/em><\/td>\n<td width=\"142\">2022-2026<\/td>\n<\/tr>\n<tr>\n<td width=\"208\">Alojz Venturini<\/td>\n<td width=\"132\">\u00a0<em>\u010clan \u00a0<\/em><\/td>\n<td width=\"142\">2022-2026<\/td>\n<\/tr>\n<tr>\n<td width=\"208\">Franci Zakraj\u0161ek Ml.<\/td>\n<td width=\"132\">\u00a0<em>\u010clan <\/em><\/td>\n<td width=\"142\">2022-2026<\/td>\n<\/tr>\n<\/tbody>\n<\/table>\n","protected":false},"excerpt":{"rendered":"<p>\u010clan Funkcija Obdobje Sa\u0161o Trnovec Stare\u0161ina 2023-2026 Upravni odbor Gregor Marolt Gospodar 2023-2026 Toma\u017e Marolt\u00a0 Predsednik KITI\u00a0 (Komisija za kadre, izobra\u017eevanje, turizem in informacije) 2023-2026 Matic Kete TAJNIK 2023-2026 Janez Kra\u0161ovec BLAGAJNIK 2023-2026 Sre\u010dko Devjak Ml. Predsednik Kinolo\u0161ke komisije 2023-2026 Marko Tepej Predsednik Strelske komisije 2023-2026 Roman Jakli\u010d Oskrbnik lovskega doma 2023-2026 Nadzorni odbor Sre\u010dko [&hellip;]<\/p>\n","protected":false},"author":1,"featured_media":0,"parent":0,"menu_order":0,"comment_status":"closed","ping_status":"closed","template":"","meta":{"footnotes":""},"_links":{"self":[{"href":"http:\/\/www.ld-velikelasce.si\/index.php?rest_route=\/wp\/v2\/pages\/996"}],"collection":[{"href":"http:\/\/www.ld-velikelasce.si\/index.php?rest_route=\/wp\/v2\/pages"}],"about":[{"href":"http:\/\/www.ld-velikelasce.si\/index.php?rest_route=\/wp\/v2\/types\/page"}],"author":[{"embeddable":true,"href":"http:\/\/www.ld-velikelasce.si\/index.php?rest_route=\/wp\/v2\/users\/1"}],"replies":[{"embeddable":true,"href":"http:\/\/www.ld-velikelasce.si\/index.php?rest_route=%2Fwp%2Fv2%2Fcomments&post=996"}],"version-history":[{"count":6,"href":"http:\/\/www.ld-velikelasce.si\/index.php?rest_route=\/wp\/v2\/pages\/996\/revisions"}],"predecessor-version":[{"id":1094,"href":"http:\/\/www.ld-velikelasce.si\/index.php?rest_route=\/wp\/v2\/pages\/996\/revisions\/1094"}],"wp:attachment":[{"href":"http:\/\/www.ld-velikelasce.si\/index.php?rest_route=%2Fwp%2Fv2%2Fmedia&parent=996"}],"curies":[{"name":"wp","href":"https:\/\/api.w.org\/{rel}","templated":true}]}}